-53
Let l = -13490 + 13490. Let s(y) be the third derivative of 1/12*y**4 + l*y + 47*y**2 - 3/2*y**3 + 0. What is s(7)?
5
Let y(v) = -v**3 + 3*v - 2. Let w = -332 - -342. Suppose -o + w + 2 = -5*t, 5*o - 3*t = -6. What is y(o)?
16
Suppose 0 = 7*m - 20*m + 338. Suppose 6*f = m - 8. Let h(o) = -2*o + 3. Give h(f).
-3
Let y(t) = t**3 - 5*t**2 - 10*t + 8. Suppose 2*s = -3*s - 45. Let l(q) = -q**2 - 79*q + 600. Let o be l(7). Let r be (o - (4 + s)) + 3. What is y(r)?
-16
Let d(v) be the third derivative of 0 + v**3 + 0*v + 1/6*v**4 - 20*v**2 - 1/40*v**5. Let f(b) be the first derivative of d(b). Determine f(-3).
13
Let k(z) = -12*z - 16. Let s = 842 - 849. Let r(w) = 12*w + 8. Let y(h) = h. Let n(q) = r(q) - 5*y(q). Let p(u) = s*n(u) - 4*k(u). Give p(6).
2
Let d(k) = 15*k + 394. Let j(v) = -29*v - 757. Let u(r) = 11*d(r) + 6*j(r). Give u(-24).
8
Let c(h) = 11*h**2 + 6*h + 281. Let m(j) = 2*j**2 + j + 52. Let x(r) = -3*c(r) + 16*m(r). Calculate x(3).
-26
Let j be -3*(-6)/36*30. Let r(n) = -9*n**2 - n**2 + j*n**2 + 2*n**2. What is r(1)?
7
Let w(c) = -c**2 + 9*c - 22. Suppose -409 = -i - 403. Give w(i).
-4
Let s(d) = d**2 - 18*d + 37. Let w be -2*((-5)/10)/(2/4). Suppose -5*c - 23 = -3*g, w*c = 119*g - 124*g + 90. Calculate s(g).
5
Let d(w) be the second derivative of -w**4/3 - w**3/2 - w**2/2 + 3416*w. Give d(-3).
-28
Let n(k) = 14*k - 77. Let g(z) = -17*z + 88. Let t(u) = -5*g(u) - 6*n(u). Determine t(-23).
-1
Let a(d) = -18*d - 2. Suppose -9*y = 64 + 26. Let t be -3 - 8/y - (-8)/40. Calculate a(t).
34
Let u(v) be the second derivative of v**3 + 41*v**2/2 - 32*v. Suppose 4*o = -4*p - 44, 10*p - 5*o = 5*p - 5. Give u(p).
5
Let m be 7/2 - 24/16. Let z be (-9)/(-12)*12 - 0/2. Let h(o) = z - 2*o - 9 + 3*o**2 + 2. Calculate h(m).
10
Let t(i) = 14*i**3 - 10*i**2 - 35*i + 99. Let s(j) = 5*j**3 - 3*j**2 - 12*j + 35. Let k(b) = -11*s(b) + 4*t(b). Calculate k(8).
11
Let r(l) = -l + 2. Suppose k + 4*a = -3*k + 392, -5*k = a - 474. Let d = k - 94. Suppose -j - 6*j + 21 = d. Calculate r(j).
-1
Let o(s) be the third derivative of -s**6/60 - s**5/60 + s**4/24 - s**3/6 - 3*s**2. Let r(w) = -w + 14. Let q be r(12). Let v be (22/(-33))/(q/6). Give o(v).
9
Let d(a) be the second derivative of -17*a**3/6 - a**2/2 + 2*a - 144. Let g(x) = 3*x + 41. Let h be g(-14). Determine d(h).
16
Suppose 15 = 4*t - t. Let f(j) be the first derivative of 1/3*j**3 - 3*j**2 - 12 - 6*j. Determine f(t).
-11
Let x be 5*(-90)/50 - -5. Let u(o) = 3*o**2 - o - 7. Let h(a) = -8*a**2 + 4*a + 20. Let n(g) = 4*h(g) + 11*u(g). Determine n(x).
-1
Let g(j) = j**2 - 8*j - 37. Let b = -27241 - -27252. Determine g(b).
-4
Let p(n) = -n**2 - 12*n + 13. Let z = 4243 - 4256. What is p(z)?
0
Suppose 21*d - 20*d - 2 = 0. Suppose d*z = 5*i + 38, -76 = -3*z - 2*z + 3*i. Let h(k) = k**2 - 14*k - 10. Give h(z).
-10
Let w = 7306 - 7299. Let n(h) = -3*h**3 - 12*h**2 + 9*h - 19. Let v(l) = 4*l**3 + 13*l**2 - 9*l + 20. Let b(q) = 5*n(q) + 4*v(q). Calculate b(w).
-1
Let v(r) = -r**2 - 15*r + 29. Suppose 8 + 20 = 2*a. Let k(s) = s**2 - 14*s - 17. Let t be k(a). Give v(t).
-5
Let u(x) = -17*x**2 + 47*x + 250. Let z(s) = 4*s**2 - 11*s - 62. Let p(a) = 3*u(a) + 13*z(a). Calculate p(6).
-32
Let i(t) be the third derivative of -t**6/120 - 2*t**5/15 + 11*t**4/24 - 11*t**3/6 - 10921*t**2. Give i(-9).
-29
Let i(m) be the first derivative of -m + 1/2*m**2 + 26. Let c be 2/(-4) - 198/36. What is i(c)?
-7
Let r be 1 - (-3 + (-1 - 5)/3). Let o(d) be the second derivative of d**3 - 4*d**2 - 1/12*d**4 + 0 + d. What is o(r)?
-8
Let s(k) be the second derivative of 1/12*k**4 + 1/2*k**2 + 5/3*k**3 + 183*k + 0. What is s(-10)?
1
Let x(r) be the second derivative of -r**6/120 - 7*r**5/60 - r**4/24 + r**3/2 - 131*r**2 + r + 1. Let i(p) be the first derivative of x(p). What is i(-5)?
-42
Suppose -7*q + 18 = 4. Let h(u) be the first derivative of 15*u**2 + 9*u**q + 10*u**2 - 31*u**2 - u - 51. Give h(-4).
-25
Let k(o) = 22*o - 179. Suppose 176*v - 1163 = 74*v - 347. Determine k(v).
-3
Let d(z) = 7*z**2 + 2*z + 2. Let g(p) = -p**2 + p + 1. Let h(q) = -d(q) - 6*g(q). Let v = 1416 + -1404. Let o be -110 - -109 - v/2. Determine h(o).
-1
Let f(n) = 3*n**2 + 11*n - 381. Let k be f(-13). Let g(r) = -2*r**3 - 32*r**2 + 34*r - 16. What is g(k)?
-16
Let b(k) = 724*k - 1470*k - 59 + 744*k. Calculate b(-23).
-13
Suppose 4*w = 5*w - 4, 0 = 3*f - 5*w + 14. Let b(g) = -2*g**3 + g. Determine b(f).
-14
Let y be -7 - ((-2)/2)/(-1). Let w(t) = 253*t. Let x(g) = -126*g + 1. Let h(n) = w(n) + 2*x(n). Give h(y).
-6
Let y(b) = -81*b + 24*b + 36*b + 40*b + 29*b + 3. What is y(1)?
51
Suppose 2*v + 32 - 46 = 0. Let t(x) be the first derivative of v*x + 3*x + 15 - x**2 - 6*x. Determine t(4).
-4
Suppose 4*g + 3*r = 32, -3*r - 18 + 6 = 0. Let b(j) = 123*j**2 - 62*j**2 - g*j**3 - 60*j**2. What is b(1)?
-10
Let b(w) = -2*w**3 - 9*w**2 + 9*w + 4. Let k = 211 - 216. Let m be b(k). Let i(c) = -c - 25. Determine i(m).
-9
Let m(z) = -z**3 + 8*z**2 - 8*z + 11. Let f be m(7). Suppose -36 = f*n - 136. Suppose -5*j = r - 19, 5*r + j + n = -0*j. Let d(w) = -w + 2. Give d(r).
8
Suppose 429 = -61*u - 116*u - 987. Let g(i) = -2*i**3 + 12*i**2 + 4*i + 3. Let c(v) = -v**3 + v**2 - v. Let n(d) = 3*c(d) - g(d). What is n(u)?
-11
Let o(g) = -g**3 + 3*g**2 - 2*g - 2. Let d(j) = j**3 + 32*j**2 - 57*j + 73. Let k be d(-34). Let z = -298 - k. What is o(z)?
-8
Let k = 437 - 294. Let j = -139 + k. Let g(f) = -2*f + 4. What is g(j)?
-4
Let a(h) be the third derivative of -7*h**4/24 + h**3/6 + 329*h**2. What is a(-5)?
36
Let n(p) be the first derivative of 5*p**3/3 - 3*p**2/2 + 2*p - 1781. Calculate n(1).
4
Let d(v) be the second derivative of v**4/6 + 16*v**3/3 + 15*v**2 - 34*v - 36. Calculate d(-15).
0
Let g(p) = -p**2 - 11*p - 11. Let c be 126*(-6 - 108/(-14)). Suppose 21*a - 27 = -c. Calculate g(a).
7
Let i(q) be the first derivative of 10*q**2 + 0*q + 1/6*q**5 + 5 + 1/120*q**6 - 1/2*q**4 - 5/3*q**3. Let t(m) be the second derivative of i(m). Give t(-11).
1
Let s(t) = 3*t - 2. Let o(g) = -10*g + 20. Let v be o(2). Let a be (4/14)/((-4)/(-28) - v). Let q be 3*(a + (-21)/9)*-5. Determine s(q).
13
Let d(j) = -j**3 - j**2. Let x = 164 - 101. Suppose -x*n + 70*n + 7 = 0. Calculate d(n).
0
Let m(o) = o**3 + 15*o**2 + 15*o + 36. Let f be m(-14). Suppose 0 = f*w - 9 + 119. Let r(h) = h**2 + 2*h - 12. Determine r(w).
3
Let i = -373 + 374. Let d(y) = -3*y + 4. Let p(u) = 4*u - 6. Let f(k) = 3*d(k) + 2*p(k). What is f(i)?
-1
Let n(g) = -g + 19. Let p be n(21). Let v be (2/(-3))/(p/6). Let l(z) be the second derivative of z**5/10 - z**4/4 + z**3/6 + z**2/2 - z. What is l(v)?
7
Suppose -2*v + 0*v - 2*m = 4, -8 = -2*m. Let z(g) = 7*g + 28*g - 34*g + 1 - 3. Calculate z(v).
-8
Let o(l) = -6*l - 2. Let q be (6/(-4))/((-2 + -2)/(-24)). Let b(f) = -2*f**2 - 15*f + 29. Let u be b(q). Calculate o(u).
-14
Let q(u) = u + 47. Let y(t) = 2*t + 116. Let n(i) = 12*q(i) - 5*y(i). Let m(r) = -r + 8. Let x(a) = -11*m(a) - 6*n(a). Determine x(4).
4
Let q(z) = 8 - 33*z + 16*z - 5*z**2 + 15*z + 5 + 4*z**2. Give q(9).
-86
Let p = -58 + 72. Let x(c) = -8 - 3*c + 22 - 2*c**2 - p. Let t = -31 + 27. Determine x(t).
-20
Let n(a) = -a**2 + 3*a - 3. Let o(z) = -5*z**2 + 16*z - 12. Let p(l) = -1. Let q(s) = o(s) + 3*p(s). Let u(t) = -11*n(t) + 2*q(t). Give u(0).
3
Let k(w) = -8*w**3 + 1. Let s(g) = 3*g**2 - 2*g - 51. Let x be s(11). Let t = x + -291. Give k(t).
9
Suppose -5*w - 19 = -o, -2*o - 395*w = -393*w + 46. Let u(g) = -g**2 - 19*g - 34. Calculate u(o).
14
Let j = 43 - 21. Let p(g) = -5*g - 9 - 9 - j. Let u be p(-7). Let q(h) = h**3 + 6*h**2 + 4*h + 3. Give q(u).
8
Let t(x) = x**2 - 5*x - 8. Let y = -255 - -345. Suppose 84*b + 42 = y*b. What is t(b)?
6
Let q(a) = 2*a + 10. Suppose -10*x + 5 = -c - 6*x, 5*x + 5 = -c. Determine q(c).
0
Let u(k) be the second derivative of -1/6*k**3 + 88 + 5*k**2 + k. Give u(5).
5
Let g(k) = -k**2 - 6*k + 5. Suppose -10*x + 4*x = 6. Let p be x + 3 - -1 - -21. Suppose -m - 4*m - p = -2*u, 2*m + 2*u = -18. Give g(m).
5
Let h(o) = -64 - 1426*o + 1419*o + 114. What is h(4)?
22
Suppose 606 = -14*d - 87*d. Let q(i) = 6*i**2 + 35*i + 9. Determine q(d).
15
Let w(s) be the second derivative of 0*s**4 + 3/10*s**5 - 13*s + 0 + 1/6*s**3 + 1/2*s**2. Suppose -1 - 4 = 5*a. Calculate w(a).
-6
Let w(c) be the